{"id":285,"date":"2023-01-20T11:02:22","date_gmt":"2023-01-20T10:02:22","guid":{"rendered":"https:\/\/www.sebastelec.fr\/?page_id=285"},"modified":"2023-01-20T13:50:41","modified_gmt":"2023-01-20T12:50:41","slug":"mentions-legales","status":"publish","type":"page","link":"https:\/\/www.sebastelec.fr\/index.php\/mentions-legales\/","title":{"rendered":"Mentions l\u00e9gales"},"content":{"rendered":"\n<div style=\"height:30px\" aria-hidden=\"true\" class=\"wp-block-spacer\"><\/div>\n\n\n\n<h2 class=\"alignwide wp-block-heading\">Qui sommes-nous&nbsp;?<\/h2>\n\n\n\n<div style=\"height:30px\" aria-hidden=\"true\" class=\"wp-block-spacer\"><\/div>\n\n\n\n<h3 class=\"alignwide wp-block-heading\">Sebastelec<\/h3>\n\n\n\n<div style=\"height:15px\" aria-hidden=\"true\" class=\"wp-block-spacer\"><\/div>\n\n\n\n<p class=\"alignwide\">Soci\u00e9t\u00e9 par action simplifi\u00e9es au capital de 20 000\u20ac<br>Dont le si\u00e8ge social est au 82 rue de Dunkerque 75009 Paris<br>Enregistr\u00e9e au registre du Commerce de Paris sous le num\u00e9ro : B 509 716 981<\/p>\n\n\n\n<p class=\"alignwide\">Courriel du D\u00e9l\u00e9gu\u00e9 \u00e0 Protection des Donn\u00e9es (DPO) :&nbsp;<a href=\"mailto:contact@sebastelec.com\">\u00c9crire au DPO<\/a><\/p>\n\n\n\n<p class=\"alignwide\">Le site&nbsp;<a href=\"http:\/\/www.sebastelec.fr\">www.sebastelec.com<\/a>&nbsp;est h\u00e9berg\u00e9 par OVH<br>2 rue Kellermann<br>59100 Roubaix \u2013 France<br>https:\/\/www.ovh.com<\/p>\n\n\n\n<p class=\"alignwide\">Conception &amp; D\u00e9veloppement : <a href=\"https:\/\/www.fruitdudragon.com\/\">Fruit du dragon<\/a><br>Design : <a href=\"http:\/\/www.janro.design\/\">Janro<br><\/a>Images : Unsplash<\/p>\n\n\n\n<div style=\"height:100px\" aria-hidden=\"true\" class=\"wp-block-spacer\"><\/div>\n","protected":false},"excerpt":{"rendered":"<p>Qui sommes-nous&nbsp;? Sebastelec Soci\u00e9t\u00e9 par action simplifi\u00e9es au capital de 20 000\u20acDont le si\u00e8ge social est au 82 rue de Dunkerque 75009 ParisEnregistr\u00e9e au registre du Commerce de Paris sous le num\u00e9ro : B 509 716 981 Courriel du D\u00e9l\u00e9gu\u00e9 \u00e0 Protection des Donn\u00e9es (DPO) :&nbsp;\u00c9crire au DPO Le site&nbsp;www.sebastelec.com&nbsp;est h\u00e9berg\u00e9 par OVH2 rue Kellermann59100 <a href=\"https:\/\/www.sebastelec.fr\/index.php\/mentions-legales\/\" class=\"more-link\">&#8230;<span class=\"screen-reader-text\">  Mentions l\u00e9gales<\/span><\/a><\/p>\n","protected":false},"author":2,"featured_media":0,"parent":0,"menu_order":0,"comment_status":"closed","ping_status":"open","template":"","meta":{"footnotes":""},"class_list":["post-285","page","type-page","status-publish","hentry"],"acf":[],"yoast_head":"<!-- This site is optimized with the Yoast SEO plugin v27.4 - https:\/\/yoast.com\/product\/yoast-seo-wordpress\/ -->\n<title>Mentions l\u00e9gales - Sebastelec<\/title>\n<meta name=\"robots\" content=\"index, follow, max-snippet:-1, max-image-preview:large, max-video-preview:-1\" \/>\n<link rel=\"canonical\" href=\"https:\/\/www.sebastelec.fr\/index.php\/mentions-legales\/\" \/>\n<meta property=\"og:locale\" content=\"fr_FR\" \/>\n<meta property=\"og:type\" content=\"article\" \/>\n<meta property=\"og:title\" content=\"Mentions l\u00e9gales - Sebastelec\" \/>\n<meta property=\"og:description\" content=\"Qui sommes-nous&nbsp;? Sebastelec Soci\u00e9t\u00e9 par action simplifi\u00e9es au capital de 20 000\u20acDont le si\u00e8ge social est au 82 rue de Dunkerque 75009 ParisEnregistr\u00e9e au registre du Commerce de Paris sous le num\u00e9ro : B 509 716 981 Courriel du D\u00e9l\u00e9gu\u00e9 \u00e0 Protection des Donn\u00e9es (DPO) :&nbsp;\u00c9crire au DPO Le site&nbsp;www.sebastelec.com&nbsp;est h\u00e9berg\u00e9 par OVH2 rue Kellermann59100 ... Mentions l\u00e9gales\" \/>\n<meta property=\"og:url\" content=\"https:\/\/www.sebastelec.fr\/index.php\/mentions-legales\/\" \/>\n<meta property=\"og:site_name\" content=\"Sebastelec\" \/>\n<meta property=\"article:modified_time\" content=\"2023-01-20T12:50:41+00:00\" \/>\n<meta name=\"twitter:card\" content=\"summary_large_image\" \/>\n<meta name=\"twitter:label1\" content=\"Dur\u00e9e de lecture estim\u00e9e\" \/>\n\t<meta name=\"twitter:data1\" content=\"1 minute\" \/>\n<script type=\"application\/ld+json\" class=\"yoast-schema-graph\">{\"@context\":\"https:\\\/\\\/schema.org\",\"@graph\":[{\"@type\":\"WebPage\",\"@id\":\"https:\\\/\\\/www.sebastelec.fr\\\/index.php\\\/mentions-legales\\\/\",\"url\":\"https:\\\/\\\/www.sebastelec.fr\\\/index.php\\\/mentions-legales\\\/\",\"name\":\"Mentions l\u00e9gales - Sebastelec\",\"isPartOf\":{\"@id\":\"https:\\\/\\\/www.sebastelec.fr\\\/#website\"},\"datePublished\":\"2023-01-20T10:02:22+00:00\",\"dateModified\":\"2023-01-20T12:50:41+00:00\",\"breadcrumb\":{\"@id\":\"https:\\\/\\\/www.sebastelec.fr\\\/index.php\\\/mentions-legales\\\/#breadcrumb\"},\"inLanguage\":\"fr-FR\",\"potentialAction\":[{\"@type\":\"ReadAction\",\"target\":[\"https:\\\/\\\/www.sebastelec.fr\\\/index.php\\\/mentions-legales\\\/\"]}]},{\"@type\":\"BreadcrumbList\",\"@id\":\"https:\\\/\\\/www.sebastelec.fr\\\/index.php\\\/mentions-legales\\\/#breadcrumb\",\"itemListElement\":[{\"@type\":\"ListItem\",\"position\":1,\"name\":\"Accueil\",\"item\":\"https:\\\/\\\/www.sebastelec.fr\\\/\"},{\"@type\":\"ListItem\",\"position\":2,\"name\":\"Mentions l\u00e9gales\"}]},{\"@type\":\"WebSite\",\"@id\":\"https:\\\/\\\/www.sebastelec.fr\\\/#website\",\"url\":\"https:\\\/\\\/www.sebastelec.fr\\\/\",\"name\":\"Sebastelec\",\"description\":\"\",\"potentialAction\":[{\"@type\":\"SearchAction\",\"target\":{\"@type\":\"EntryPoint\",\"urlTemplate\":\"https:\\\/\\\/www.sebastelec.fr\\\/?s={search_term_string}\"},\"query-input\":{\"@type\":\"PropertyValueSpecification\",\"valueRequired\":true,\"valueName\":\"search_term_string\"}}],\"inLanguage\":\"fr-FR\"}]}<\/script>\n<!-- \/ Yoast SEO plugin. -->","yoast_head_json":{"title":"Mentions l\u00e9gales - Sebastelec","robots":{"index":"index","follow":"follow","max-snippet":"max-snippet:-1","max-image-preview":"max-image-preview:large","max-video-preview":"max-video-preview:-1"},"canonical":"https:\/\/www.sebastelec.fr\/index.php\/mentions-legales\/","og_locale":"fr_FR","og_type":"article","og_title":"Mentions l\u00e9gales - Sebastelec","og_description":"Qui sommes-nous&nbsp;? Sebastelec Soci\u00e9t\u00e9 par action simplifi\u00e9es au capital de 20 000\u20acDont le si\u00e8ge social est au 82 rue de Dunkerque 75009 ParisEnregistr\u00e9e au registre du Commerce de Paris sous le num\u00e9ro : B 509 716 981 Courriel du D\u00e9l\u00e9gu\u00e9 \u00e0 Protection des Donn\u00e9es (DPO) :&nbsp;\u00c9crire au DPO Le site&nbsp;www.sebastelec.com&nbsp;est h\u00e9berg\u00e9 par OVH2 rue Kellermann59100 ... Mentions l\u00e9gales","og_url":"https:\/\/www.sebastelec.fr\/index.php\/mentions-legales\/","og_site_name":"Sebastelec","article_modified_time":"2023-01-20T12:50:41+00:00","twitter_card":"summary_large_image","twitter_misc":{"Dur\u00e9e de lecture estim\u00e9e":"1 minute"},"schema":{"@context":"https:\/\/schema.org","@graph":[{"@type":"WebPage","@id":"https:\/\/www.sebastelec.fr\/index.php\/mentions-legales\/","url":"https:\/\/www.sebastelec.fr\/index.php\/mentions-legales\/","name":"Mentions l\u00e9gales - Sebastelec","isPartOf":{"@id":"https:\/\/www.sebastelec.fr\/#website"},"datePublished":"2023-01-20T10:02:22+00:00","dateModified":"2023-01-20T12:50:41+00:00","breadcrumb":{"@id":"https:\/\/www.sebastelec.fr\/index.php\/mentions-legales\/#breadcrumb"},"inLanguage":"fr-FR","potentialAction":[{"@type":"ReadAction","target":["https:\/\/www.sebastelec.fr\/index.php\/mentions-legales\/"]}]},{"@type":"BreadcrumbList","@id":"https:\/\/www.sebastelec.fr\/index.php\/mentions-legales\/#breadcrumb","itemListElement":[{"@type":"ListItem","position":1,"name":"Accueil","item":"https:\/\/www.sebastelec.fr\/"},{"@type":"ListItem","position":2,"name":"Mentions l\u00e9gales"}]},{"@type":"WebSite","@id":"https:\/\/www.sebastelec.fr\/#website","url":"https:\/\/www.sebastelec.fr\/","name":"Sebastelec","description":"","potentialAction":[{"@type":"SearchAction","target":{"@type":"EntryPoint","urlTemplate":"https:\/\/www.sebastelec.fr\/?s={search_term_string}"},"query-input":{"@type":"PropertyValueSpecification","valueRequired":true,"valueName":"search_term_string"}}],"inLanguage":"fr-FR"}]}},"_links":{"self":[{"href":"https:\/\/www.sebastelec.fr\/index.php\/wp-json\/wp\/v2\/pages\/285","targetHints":{"allow":["GET"]}}],"collection":[{"href":"https:\/\/www.sebastelec.fr\/index.php\/wp-json\/wp\/v2\/pages"}],"about":[{"href":"https:\/\/www.sebastelec.fr\/index.php\/wp-json\/wp\/v2\/types\/page"}],"author":[{"embeddable":true,"href":"https:\/\/www.sebastelec.fr\/index.php\/wp-json\/wp\/v2\/users\/2"}],"replies":[{"embeddable":true,"href":"https:\/\/www.sebastelec.fr\/index.php\/wp-json\/wp\/v2\/comments?post=285"}],"version-history":[{"count":7,"href":"https:\/\/www.sebastelec.fr\/index.php\/wp-json\/wp\/v2\/pages\/285\/revisions"}],"predecessor-version":[{"id":301,"href":"https:\/\/www.sebastelec.fr\/index.php\/wp-json\/wp\/v2\/pages\/285\/revisions\/301"}],"wp:attachment":[{"href":"https:\/\/www.sebastelec.fr\/index.php\/wp-json\/wp\/v2\/media?parent=285"}],"curies":[{"name":"wp","href":"https:\/\/api.w.org\/{rel}","templated":true}]}}

Mentions légales

<div style="height:30px" aria-hidden="true" class="wp-block-spacer"></div>



<h2 class="alignwide wp-block-heading">Qui sommes-nous&nbsp;?</h2>



<div style="height:30px" aria-hidden="true" class="wp-block-spacer"></div>



<h3 class="alignwide wp-block-heading">Sebastelec</h3>



<div style="height:15px" aria-hidden="true" class="wp-block-spacer"></div>



<p class="alignwide">Société par action simplifiées au capital de 20 000€<br>Dont le siège social est au 82 rue de Dunkerque 75009 Paris<br>Enregistrée au registre du Commerce de Paris sous le numéro : B 509 716 981</p>



<p class="alignwide">Courriel du Délégué à Protection des Données (DPO) :&nbsp;<a href="mailto:contact@sebastelec.com">Écrire au DPO</a></p>



<p class="alignwide">Le site&nbsp;<a href="http://www.sebastelec.fr">www.sebastelec.com</a>&nbsp;est hébergé par OVH<br>2 rue Kellermann<br>59100 Roubaix – France<br>https://www.ovh.com</p>



<p class="alignwide">Conception &amp; Développement : <a href="https://www.fruitdudragon.com/">Fruit du dragon</a><br>Design : <a href="http://www.janro.design/">Janro<br></a>Images : Unsplash</p>



<div style="height:100px" aria-hidden="true" class="wp-block-spacer"></div>

<p>Qui sommes-nous&nbsp;? Sebastelec Société par action simplifiées au capital de 20 000€Dont le siège social est au 82 rue de Dunkerque 75009 ParisEnregistrée au registre du Commerce de Paris sous le numéro : B 509 716 981 Courriel du Délégué à Protection des Données (DPO) :&nbsp;Écrire au DPO Le site&nbsp;www.sebastelec.com&nbsp;est hébergé par OVH2 rue Kellermann59100 <a href="https://www.sebastelec.fr/index.php/mentions-legales/" class="more-link">&#8230;<span class="screen-reader-text">  Mentions légales</span></a></p>

<!-- This site is optimized with the Yoast SEO plugin v27.4 - https://yoast.com/product/yoast-seo-wordpress/ -->
<title>Mentions légales - Sebastelec</title>
<meta name="robots" content="index, follow, max-snippet:-1, max-image-preview:large, max-video-preview:-1" />
<link rel="canonical" href="https://www.sebastelec.fr/index.php/mentions-legales/" />
<meta property="og:locale" content="fr_FR" />
<meta property="og:type" content="article" />
<meta property="og:title" content="Mentions légales - Sebastelec" />
<meta property="og:description" content="Qui sommes-nous&nbsp;? Sebastelec Société par action simplifiées au capital de 20 000€Dont le siège social est au 82 rue de Dunkerque 75009 ParisEnregistrée au registre du Commerce de Paris sous le numéro : B 509 716 981 Courriel du Délégué à Protection des Données (DPO) :&nbsp;Écrire au DPO Le site&nbsp;www.sebastelec.com&nbsp;est hébergé par OVH2 rue Kellermann59100 ... Mentions légales" />
<meta property="og:url" content="https://www.sebastelec.fr/index.php/mentions-legales/" />
<meta property="og:site_name" content="Sebastelec" />
<meta property="article:modified_time" content="2023-01-20T12:50:41+00:00" />
<meta name="twitter:card" content="summary_large_image" />
<meta name="twitter:label1" content="Durée de lecture estimée" />
	<meta name="twitter:data1" content="1 minute" />
<script type="application/ld+json" class="yoast-schema-graph">{"@context":"https:\/\/schema.org","@graph":[{"@type":"WebPage","@id":"https:\/\/www.sebastelec.fr\/index.php\/mentions-legales\/","url":"https:\/\/www.sebastelec.fr\/index.php\/mentions-legales\/","name":"Mentions légales - Sebastelec","isPartOf":{"@id":"https:\/\/www.sebastelec.fr\/#website"},"datePublished":"2023-01-20T10:02:22+00:00","dateModified":"2023-01-20T12:50:41+00:00","breadcrumb":{"@id":"https:\/\/www.sebastelec.fr\/index.php\/mentions-legales\/#breadcrumb"},"inLanguage":"fr-FR","potentialAction":[{"@type":"ReadAction","target":["https:\/\/www.sebastelec.fr\/index.php\/mentions-legales\/"]}]},{"@type":"BreadcrumbList","@id":"https:\/\/www.sebastelec.fr\/index.php\/mentions-legales\/#breadcrumb","itemListElement":[{"@type":"ListItem","position":1,"name":"Accueil","item":"https:\/\/www.sebastelec.fr\/"},{"@type":"ListItem","position":2,"name":"Mentions légales"}]},{"@type":"WebSite","@id":"https:\/\/www.sebastelec.fr\/#website","url":"https:\/\/www.sebastelec.fr\/","name":"Sebastelec","description":"","potentialAction":[{"@type":"SearchAction","target":{"@type":"EntryPoint","urlTemplate":"https:\/\/www.sebastelec.fr\/?s={search_term_string}"},"query-input":{"@type":"PropertyValueSpecification","valueRequired":true,"valueName":"search_term_string"}}],"inLanguage":"fr-FR"}]}</script>
<!-- / Yoast SEO plugin. -->

Mentions légales - Sebastelec

Qui sommes-nous&nbsp;? Sebastelec Société par action simplifiées au capital de 20 000€Dont le siège social est au 82 rue de Dunkerque 75009 ParisEnregistrée au registre du Commerce de Paris sous le numéro : B 509 716 981 Courriel du Délégué à Protection des Données (DPO) :&nbsp;Écrire au DPO Le site&nbsp;www.sebastelec.com&nbsp;est hébergé par OVH2 rue Kellermann59100 ... Mentions légales
